 Is 8/(-10) + (v/(-35))/(-9) composite?
True
Let u(m) = -m**2 - 14*m - 24. Let q be u(-10). Suppose 0 = x - 4, 2*o = o - 4*x + q. Is o - (-8)/(-4) - -1503 composite?
True
Let b(q) = 0*q - 3*q - 26 + 4*q - 3*q. Let j be b(-14). Suppose 3678 = j*r + 4*k, 0*k + 1838 = r + 3*k. Is r a prime number?
False
Let h(j) = -j - 12. Let x be h(-15). Let o(r) = 2*r**3 + 2*r**2 - r + 5. Let v be o(x). Is -4 + 154/4*v prime?
False
Suppose -2*r + 17 + 7 = 0. Let b be (1 - 4) + 3/(r/(-16)). Is (2/6)/(b/(-20139)) composite?
True
Let f(a) = 14339*a + 1990. Is f(9) prime?
True
Let s = 48 - -50. Suppose s = -12*w + 19*w. Suppose -5*t = -w*t + 6651. Is t composite?
False
Suppose -20*h - 337617 = -23*h - 2*k, 5*k + 337659 = 3*h. Is h composite?
False
Let z(m) = m**3 + 41*m**2 - 99*m - 22. Is z(-23) prime?
True
Let u(l) be the first derivative of 34*l**3/3 + 33*l**2 + 33*l + 60. Is u(-14) prime?
False
Suppose -19 = -4*o - 3. Suppose -3*f - 3*j + 6 = 0, f - o*j + 1 = 23. Suppose -5*h - 1043 = -f*h. Is h composite?
True
Is (5/(-10)*(-4)/(-2))/((-1)/158993) a composite number?
False
Let m(z) = -9*z**3 + 14*z**2 - 7*z + 11. Let d(q) = -5*q**3 + 7*q**2 - 4*q + 5. Let w(n) = -7*d(n) + 4*m(n). Suppose 5 = 2*g - 5. Is w(g) composite?
False
Let i(u) = -29*u**2 + 10*u - 54. Let t(q) = q**2 + q + 1. Let g(s) = -i(s) + 6*t(s). Is g(-11) composite?
False
Let t(h) = h**3 - h**2 + 3*h + 1043. Let y = -54 + 54. Is t(y) a prime number?
False
Let g(u) = 65*u + 191. Let j be g(-3). Let z(x) = x**3 - 6*x**2 + 4*x + 7. Let h be z(5). Is ((-1)/(-12)*j)/(h/(-2274)) composite?
False
Suppose a = v - 5 + 7, 4*v - 5*a = -12. Suppose 3*o + v*o - 64645 = 0. Is o a prime number?
False
Let j(r) = 9346*r**2 - 87*r - 173. Is j(-2) a composite number?
True
Let x = -16983 - -22952. Is x prime?
False
Suppose -3*o + 139 = 169. Let u be (o + 7)/(2/(20/(-3))). Let a(p) = p**3 - p**2 - 13*p + 24. Is a(u) prime?
False
Suppose 0 = -5*t + 25, -3*x = 2*t - 21858 - 1627. Suppose -i + 11760 = -4*g - 3881, 5*i = 2*g + x. Is g/15*-3*(-1)/(-2) prime?
False
Suppose 5*q - 170 = -110. Is (-4629)/(-18) - 0 - q/72 a prime number?
True
Let n(p) = 44 + 2*p + 5 - 16. Let c be n(-9). Suppose 3*w - 96 = c. Is w a prime number?
True
Let s = -300359 - -501058. Is s a prime number?
True
Suppose 15 = 3*y, -4*x = -5*y + 2*y + 271. Let u = x - -64. Suppose -q + 1864 - 483 = u. Is q composite?
False
Let p(w) = 9*w**2 + 9*w + 19. Suppose 0 = -3*x - 3*x + 48. Is p(x) composite?
True
Is 10 + (3 + -3 - -9523) a composite number?
False
Let x(m) = 35*m**2 + 80*m + 1345. Is x(-34) a prime number?
False
Suppose 55669 = -5*f + 156694. Suppose -7 + 1 = 21*w - 6. Suppose w = 12*a + 6753 - f. Is a composite?
True
Let r(d) = -25840*d + 613. Is r(-12) prime?
True
Let u(s) = 10*s**3 - 56*s**2 + 21*s + 98. Is u(27) a prime number?
True
Let c(j) = -16*j + 2513. Let h(v) = -v**2 - 8*v - 15. Let q be h(-5). Is c(q) composite?
True
Let b(x) = 11795*x + 5021. Is b(18) prime?
False
Let z = 367171 + 715480. Is z composite?
True
Let w(v) be the second derivative of -v**5/20 - 2*v**4/3 - 5*v**3/6 - 19*v**2/2 - 47*v. Is w(-14) a prime number?
False
Suppose 8*v - 5353156 = 4*v - 5*d, -d = 8*v - 10706384. Is v a prime number?
True
Let y be 3/(-7) - (715/(-35) - -4). Suppose -6996 = -y*z + 4*z. Is z a composite number?
True
Let o be 21/(-2)*96/(-9). Let k be (1401/(-4))/((-21)/o). Let y = k - 1327. Is y composite?
False
Suppose 0 = 10299*w - 10278*w - 126164031. Is w prime?
True
Let l be -118*(-2)/8*92. Suppose 0 = -4*d - 2565 - 3015. Let r = d + l. Is r a composite number?
False
Is ((-4)/(-28) - (-10)/(-35)) + (-12618840)/(-364) a prime number?
True
Suppose -2*g = -2*s - 4*g - 44, 0 = 2*s - 3*g + 49. Let a(y) = -y**2 - 29*y - 20. Is a(s) prime?
False
Suppose -55*w = -91*w + 59*w - 25487197. Is w a prime number?
False
Suppose -351*w - 7991900 = -346*w. Is 4/18 + w/(-252) composite?
False
Suppose 4*n = -3*k - 3 + 2, 2*n = -3*k - 5. Let d be 2730/n + 12/((-12)/(-3)). Suppose -v + d = -877. Is v a prime number?
False
Suppose -6*l = -8*l + 2. Let q(z) = z**3 - 6*z**2 - 3*z + 18. Let i be q(6). Is l + i - (11 - 4941) prime?
True
Let o = -827959 - -1516074. Is o composite?
True
Let s(v) be the third derivative of v**6/120 - 17*v**5/30 - 13*v**4/12 - 19*v**3/6 + 72*v**2. Is s(36) a composite number?
False
Let d be (-6)/6 - (-16197)/1. Suppose 4*q + 0*q - d = 0. Is q prime?
True
Let z be ((-36)/15)/(5 + (-53)/10). Suppose -28 = -z*p - 4. Is (1814/p)/((-8)/(-12) + 0) a prime number?
True
Let b(x) be the first derivative of 10*x**3/3 - 7*x**2 + 61*x + 58. Is b(12) prime?
False
Suppose 10*b - 5*f - 82088 = 7*b, 0 = 4*f + 4. Is b a prime number?
True
Suppose -29122 = -10*z + 188188. Is z composite?
True
Suppose -2*t = 3*j + 795, 3*t - 7*t + 5*j = 1579. Is (-9)/(t/(-8)) + (-1399)/(-11) composite?
False
Let g be 7 - (-1 + 6) - -5010. Suppose -3*t + g + 1699 = 0. Let z = 4068 - t. Is z prime?
True
Is 735020/221 + 2 + (-32)/17 prime?
False
Let s(j) be the first derivative of 13*j**2/2 + 5245*j - 82. Is s(0) prime?
False
Suppose 435930 = 2*i - 9*s + 10*s, 5*s = -40. Is i composite?
False
Let l(g) = -11*g - 82. Let y be l(-7). Is -3163*(7/28 + y/4) prime?
True
Suppose -165 = 8*q - 189. Suppose 0 = o - 3*j - 12088, q*j + 6831 = -3*o + 43131. Is o a composite number?
False
Suppose -18 = -t - 3*r, -2*t + 3*r = -r + 14. Suppose -a + 5 = 4*q, 2*q - 2*a + 11 = -7*a. Suppose -2*d + d = -3, q*h + t*d - 2243 = 0. Is h a composite number?
False
Let l(t) = 35611*t**2 + 143*t + 605. Is l(-4) a prime number?
True
Let q be (24/(-10))/((-2)/(-85)). Suppose -321*o = -328*o + 1519. Let g = o + q. Is g a composite number?
True
Let j(r) = 16*r + 12. Let w = 23 - 17. Let t be j(w). Suppose 0 = n - 3, -2*y + 2*n - t = -2020. Is y a composite number?
True
Let x(k) = -k**3 - k**2 + 2*k + 1. Let r be x(2). Let c be r/(-6)*-4*(-1047)/2. Let l = c - -2488. Is l prime?
True
Let a = 2588 - 1469. Let v = a - 1575. Let d = 85 - v. Is d composite?
False
Let h be 6 + 0/((-3)/(3 + -6)). Is 16420/10*3/h a prime number?
True
Let y(z) = -158*z - 16 + 2 - 8 - 65*z. Is y(-15) prime?
True
Suppose 61*b - 1109214 = 1618889. Is b prime?
False
Let w(r) = 36*r**2 + 3*r - 4. Suppose 0 = 6*x + 98 + 40. Let q = x + 16. Is w(q) a prime number?
False
Let f be (11849 - -1) + 7 + (-2 - 4). Suppose -18*k - f = -25*k. Is k composite?
False
Let r be ((-3)/4)/(-1) - 626535/(-60). Suppose -14*z + r = -14435. Is z a composite number?
False
Suppose -17*i + 82444 + 37134 = 0. Suppose 0 = a + v - i, -2*v - 21127 = -2*a - a. Is a a prime number?
True
Let p(g) = -2*g**2 - 62*g - 161. Let j be p(-28). Let x(q) be the third derivative of 19*q**4/8 + 10*q**3/3 + 2*q**2. Is x(j) prime?
True
Suppose -1627695 = -11*d + 5598656. Is d a composite number?
True
Let l be (-63)/(-2) + (-12)/24. Is -31 + l - -12953*1 a composite number?
False
Let b(y) be the second derivative of -33*y**5/20 - 11*y**4/12 + 17*y**3/6 + 175*y**2/2 + 3*y - 7. Is b(-6) composite?
True
Let o = 350698 + -135135. Is o prime?
True
Let v(f) = 197*f**2 + 4. Let a be v(-5). Suppose 4*t - y = 16061 + 3693, -5*y = -t + a. Suppose -8*u + t = 3*u. Is u composite?
False
Let g be (1024/14 - -4) + (-7)/49. Let u = 182 + g. Is u a prime number?
False
Suppose -u - 5*k + 28 = 0, -29*u + 26*u + 2*k = 1. Suppose u*z - 3*p - 20405 = -2*p, -4*p - 20393 = -3*z. Is z a prime number?
True
Let j be (-2 + 3 + -3)*1. Let l be (595/(-2) + 0)*j. Suppose 0 = -76*w + 71*w + l. Is w prime?
False
Suppose 534 = i + w, 0*w - 1064 = -2*i - 4*w. Let n = i - 1050. Is (-8 - 1 - -3)/(4/n) prime?
False
Suppose 42898 = 8*t + 7930. Suppose -33513 = -4*n + c + t, -2*n + 3*c = -18932. Suppose v = -5*w + n, 0 = 3*w + 3*v - 1658 - 4018. Is w prime?
False
Suppose p - 465 = 2*f - 86, 2*f + 1919 = 5*p. Suppose -7818 = -13*z + p. Is z prime?
True
Suppose 13*x - 630157 = 89302. Is x composite?
False
Let r = -24633 - -12464. Let o = r + 17570. Is o prime?
False
Let g be ((-3096)/32)/((-1)/(-4)). Let y = 1546 + g. Is y composite?
True
Suppose -4*k - 74 = -2*k. Let h = k - -34. Is h/(1*(-3)/1437) a prime number?
False
Let d = 13 + -13. Suppose d = 5*p - 5*k + 1275, 3*p = 6*p - k + 773. Let c = -132 - p. Is c a prime number?
True
Suppose 3*a + 113 = 2*t, -8*a = t - 3*a - 89. Is 3/(-4) + 365296/t a composite number?
True
Sup